s**2 - 3. Calculate l(3).
3
Let k = 31 - 28. Let c(j) = -j**2 + 4*j + 3. Calculate c(k).
6
Let c(v) = 2*v**2 + 4*v - 5. Let s(d) = -3*d**2 - 3*d + 6. Let f(l) = -4*c(l) - 3*s(l). What is f(6)?
-4
Let z be 0/(-3) + 0 + 2. Suppose -b - z = 0, -u - 4*b = u + 32. Let i be u/9 - (-2)/(-3). Let d(v) = v**2 + v + 1. Calculate d(i).
3
Suppose 4*i = -3*h + 1, i = 2*h - 4*i + 30. Let w(d) be the third derivative of 0 + 2*d**2 - 1/4*d**4 + 0*d - 1/60*d**5 - 5/6*d**3. Give w(h).
0
Let q(z) = -12 + 4 + 7 + 2*z. Calculate q(-1).
-3
Let l(k) be the first derivative of 2*k**3/3 - 2*k**2 - 5*k - 7. What is l(4)?
11
Let n(s) = -s**3 - 7*s**2 + 2*s + 9. Let z be n(-7). Let j(l) = -l**2 - 6*l - 4. Calculate j(z).
1
Let t(s) = 3*s**2 - s**2 + 0 + 1 - 4*s. What is t(4)?
17
Let l = 0 - 0. Let m(f) = -1 - 10*f + l + 0. Let p(u) = -u. Let v be p(1). Give m(v).
9
Let u be (4/(-2))/((-21)/(-9) + -3). Let a(k) = k**3 - 4*k**2 + k - 2. Give a(u).
-8
Let p(o) be the second derivative of -2*o**4/3 + o**3/6 + 31*o. Determine p(1).
-7
Let n(g) = -g - 6. Let m be 48*2/4*4. Let f be (m/40)/((-2)/(-5)). Let a(w) = -1. Let i(b) = f*a(b) - n(b). Calculate i(-5).
-5
Let n(q) = q**2 - 5*q + 2. Let x(t) = -t - 2. Let s be x(-7). Determine n(s).
2
Let p = -21 - -15. Suppose 16*i - 18*i + 2 = 0. Let z(a) = -51*a - a**2 + 45*a + i + 1. Determine z(p).
2
Let s(v) be the first derivative of -v - 3 - 3/2*v**2. What is s(-2)?
5
Suppose 4 = -3*f + 1. Let z = 2 - f. Let a(b) = b**3 - 4*b**2 + 5*b - 3. What is a(z)?
3
Let v(z) = -2*z. Let o(i) = i**3 - 2*i**2 - i - 4. Let t be o(3). Let u be t/(-9) + (-52)/9. Let a = -4 - u. Calculate v(a).
-4
Let u(s) = -s + 17. Let p be u(9). Let g(m) = m**2 - 6*m - 10. Let x be g(p). Let o(j) = -j**3 + 7*j**2 - 8*j + 3. Determine o(x).
-9
Suppose -5*u - 4*p = -14, 4*u - 7 - 6 = -5*p. Let k(m) = -2 + 0 + 1688*m - 842*m - 843*m - 1. Calculate k(u).
3
Let x(c) = -8*c**3 + 4*c**2 - 5*c + 3. Let f = 1 + -5. Let s(b) = -8*b**3 + 5*b**2 - 6*b + 4. Let g(u) = f*s(u) + 5*x(u). What is g(-1)?
8
Let v(m) = -m - 3. Let z(d) = -3*d**3 + 6*d**2 - 2*d - 1. Let b be z(2). Determine v(b).
2
Let h(k) = 7*k**2 + k - 17. Let n(q) = 3*q**2 + q - 8. Let l(w) = 2*h(w) - 5*n(w). Let v be (-1)/(-2) - (-5)/2. Let m(y) = -3*y + 4. Let z be m(v). Give l(z).
-4
Let a(j) be the first derivative of 1/2*j**2 + 5*j - 1. Give a(-5).
0
Let n(o) = 2*o**2 + 3*o + 3. Suppose -3*z + 260 = 2*z. Suppose 0 = 3*v + 4*k - z, -4*k - 65 = -4*v - 5*k. Suppose m + 5 = d, -2*m + 5*d = d + v. Determine n(m).
5
Let x(i) = -2*i - 2. Let v(z) = 3*z + 2*z - 9 - 4*z. Let f be v(7). Give x(f).
2
Suppose 0 = -5*h - 4*x - 1, -3*h + 4*h + x = 0. Let b(s) = 6*s**2 + 1. Give b(h).
7
Let l(k) = -2*k. Suppose 12 - 3 = -3*r - 3*w, -3*r - 2 = -4*w. What is l(r)?
4
Suppose 5*l = 2*u + 19, 7 = -4*l + 5*l - 2*u. Let r(i) be the first derivative of 0*i**2 + 1/3*i**l - 3*i + 2. What is r(0)?
-3
Let h(o) = 14 - 35 - o + 20 - o. Give h(1).
-3
Let a(p) = -3*p - 2. Let i be a(-2). Let v = -8 + i. Let h(c) be the second derivative of -c**4/12 - c**3/2 - 9*c. What is h(v)?
-4
Let l(p) = -2 - 2 - p - 4. Let x(g) = -6*g - 4 + 4*g + g. Let q be x(0). What is l(q)?
-4
Let c(k) = k**3 - 5*k**2 + 5*k + 4. Let j(b) = -b**3 - b**2 - 1. Let d(y) = -4*y**3 - 10*y**2 + y. Let g(a) = -d(a) + 3*j(a). Let x be g(-7). What is c(x)?
8
Let w(m) be the third derivative of -m**5/60 - m**4/8 + m**3/3 + m**2. Let p = 8 - -2. Suppose 4 + p = -2*g - a, 3*a + 2 = 2*g. Calculate w(g).
-8
Let a(u) = -3*u**2 + 3*u + 5. Let m(b) = -13*b**2 + 12*b + 19. Let l(f) = -9*a(f) + 2*m(f). Let q(t) = -t**3 + 14*t**2 - t + 19. Let d be q(14). Give l(d).
3
Let i(r) = r**3 - 4*r**2 - r + 3. Let s be i(4). Let q(y) = 7*y + 1. Determine q(s).
-6
Suppose -4*o = -7 - 1. Suppose 14 = 5*q + k, 2*k + k - o = 5*q. Let v(j) be the second derivative of -j**3/2 - j. Determine v(q).
-6
Let f(x) = -x**2 - 2*x - 2. Let g(o) = o**2 + 2*o + 2. Let r(m) = 4*f(m) + 3*g(m). What is r(3)?
-17
Let v be (0/1)/(5 - 6). Let w(j) = -5 + 3 - j - 2 + j**3 + j**2. Determine w(v).
-4
Let b(c) be the first derivative of 5*c - 1 - 1/2*c**2. Calculate b(4).
1
Let m(l) be the third derivative of -l**5/60 - 5*l**4/24 - l**3/2 - 2*l**2. Determine m(-3).
3
Let l = 3 - -2. Let p(n) = 2*n - 3. Determine p(l).
7
Suppose a - 5*m + 19 = -0*a, 4*a = -3*m - 7. Suppose 6*s = 4*s + 6. Let b(l) = s*l**2 + l**3 - 1 + 7 - 1 - l. What is b(a)?
-7
Let l = 4 - 3. Let f = l + 3. Let h(d) be the third derivative of -d**5/60 + d**4/6 - d**3/3 + 4*d**2 - 2*d. Give h(f).
-2
Let f(j) = j + 1. Let m(c) = 5*c + 8. Let o(l) = -6*f(l) + m(l). What is o(7)?
-5
Let s(b) = b - 3 - 1 - 4*b**2 + 3*b**2 - 1. Calculate s(4).
-17
Suppose -2 = 2*u - 4*u. Let h = -3 + u. Let c = h + -1. Let b(a) = 2*a + 4. Calculate b(c).
-2
Let y(s) = 6*s + 7. Let n(f) = f + 1. Let j(a) = 4*n(a) - y(a). Give j(-5).
7
Let q(y) = -3*y**2 - 7*y + 2*y**2 - 2 - 5. Let i be q(-5). Let k(u) = 3*u**3 + 2*u**3 + 5 - 2 + u + 5*u**2 - 4*u**i. Determine k(-5).
-2
Let o be (1 - -3) + -1 + 1. Suppose 26 = 5*v + o*k, -5*v + 0 - 10 = -5*k. Let u(i) = -7*i + i + i**v - 5 + 2*i. Determine u(5).
0
Let d be (3/(-2))/(9/(-12)). Let z(s) = 4*s - 5*s**d - s - s**3 - 3*s - 3 - 4*s. Calculate z(-2).
-7
Let w = 60 + -57. Let o(i) be the second derivative of 0 + 1/12*i**4 + 2*i - 3/2*i**2 + 1/2*i**w. Determine o(-3).
-3
Let s(w) = -w**3 - 5*w**2 - 6*w - 2. Let x be s(-4). Let j(o) = 2*o - 9. Determine j(x).
3
Let k be 8/16*0/(-2). Let f(g) = g + 15. Determine f(k).
15
Let r(z) be the first derivative of 0*z - 3 - 3/2*z**2. Calculate r(-3).
9
Let d(w) be the first derivative of 3*w + 5/3*w**3 + 1/4*w**4 + 4 + 3*w**2. Determine d(-4).
-5
Let f(q) = 6*q + 43. Let m be f(-6). Let d(x) = -x**3 + 6*x**2 + 2*x + 5. Give d(m).
-30
Let h(u) = -5*u**3 + 12*u**2 - 6*u + 17. Let q(l) = 11*l**3 - 24*l**2 + 11*l - 35. Let m(b) = 13*h(b) + 6*q(b). Give m(-13).
-2
Let o be ((2 + -2)/2)/(-2). Let l be 2 - o/((-2)/2). Let r(b) = -1 + 4 - 4*b + 0. Calculate r(l).
-5
Let b(i) be the first derivative of -i**4/4 + 2*i**3/3 - i**2 + 5. Determine b(2).
-4
Suppose 4*y - 2 - 8 = -3*c, 2*c + 4*y = 8. Let p(a) = 35 - 4*a - 35 - a**c. Give p(-5).
-5
Let q(d) = -d + 16. Let f be q(13). Let b(m) = -3*m**3 - 2 - f*m**2 - m**2 + 6*m + 1 + 2*m**3. Calculate b(-5).
-6
Let h(v) = -4*v**2 - 1 - 3*v**2 + 6*v**2 - v. Let m = 7 - 6. Let s(f) = -4*f**2 - 10*f + 1. Let d(u) = m*s(u) - 5*h(u). What is d(5)?
6
Let p(o) = -4*o - 4. Suppose 9*n + 17 + 28 = 0. Give p(n).
16
Let p(a) = 4*a**2 + 2*a + 1. Let y(w) = -3*w + 5 - 5 + 4 + 4*w. Let t be y(-5). What is p(t)?
3
Let m = -7 + 1. Let k(u) be the second derivative of -u**5/20 - 5*u**4/12 + 4*u**3/3 + 4*u**2 + 6*u. Determine k(m).
-4
Suppose 0 = 3*x - 7*x. Let a(m) = x*m**2 - 5*m + m**2 + 7 - m. Suppose 2*i - 6*i + 20 = 0. Calculate a(i).
2
Let d(o) = 2*o + 0*o - 3*o + o**3 - 3 + o**2. Suppose 0 = -23*g + 18*g. Give d(g).
-3
Suppose 3*z = -z - 20, 0 = 5*n + 3*z. Let a(r) = n + r**2 - 4 - 5*r**2 - 3*r. Determine a(-2).
-11
Let u(m) = m**2 - 2 - 4 + 4*m - 1 + 1. Give u(-6).
6
Let s(p) be the first derivative of -2 + 5 - 5 + 0 - 2*p + p**2. Let k be 1/(-1 + (-2)/(-3)). What is s(k)?
-8
Suppose 3*j - 2 = 2*j. Let a(q) be the second derivative of q**3 + 0 - 4*q - 1/2*q**2. Determine a(j).
11
Let f(o) be the second derivative of 7*o**3/6 + o**2/2 + 10*o. Calculate f(1).
8
Let b = -5 + -1. Let n = 6 + b. Let h(t) = t**3 + t**2 - t + 9. Determine h(n).
9
Let y be 5/(-1 - -3 - 1). Suppose -4*z + y*u - 41 = -0, -2*u = -3*z - 22. Let n(f) = f. Let d(m) = 6*m - 2. Let s(c) = 2*d(c) - 14*n(c). Calculate s(z).
4
Let h(f) = -11*f**2 + 25*f + 25. Let l(c) = 5*c**2 - 12*c - 12. Let q(o) = 6*h(o) + 13*l(o). Let d(g) = -g**3 + 5*g**2 + 4*g + 6. Let a be d(6). Give q(a).
-6
Let u(m) = m**3 - 5*m - 4*m**2 + 2 + 6*m - 3*m - 4*m. What is u(5)?
-3
Let x(p) = -p**3 - 6*p**2 - 2*p - 8. Let a be 1*2 - (-14 + 22). What is x(a)?
4
Let k(u) = -u + 5. Let o be k(-7). Suppose -2*y - 2*y = -o. Let a(x) = 1. Let p(l) = l + 4. Let q(d) = -a(d) + p(d). What is q(y)?
6
Let x(m) = -2*m**2 - 4*m + 1. Let b be (50/(-3))/(2/(-3)). Let c = 22 - b. Give x(c).
-5
Let z(y) = -3 + 4*y + 0 + 4. Give z(1).
5
Let s(v) = 9*v - 6*v + 0*v**2 - 3 - v**2. What is s(2)?
-1
Suppose -3*j = 2*j - 3*v - 11, 5*j - 23 = -v. Let h(g